 - -1) + (-6 - 5) + 22?
-11
What is -2 - (-5 + (3 - -1)) - 4?
-5
What is the value of 5 + (7 - 19) + (4 - 0) - -12?
9
What is the value of (81 - 9 - 39 - (10 + 1)) + 9?
31
What is -22 + (-5 - (-38 + -7))?
18
365 + -373 - (-7 + 0)
-1
What is 0 - (13 - (1 + (-3 - -1)))?
-14
Evaluate (-34 - -3) + -21 + 33 + 7.
-12
Calculate 12 - (11 - 16 - 17).
34
What is the value of -6 + (-10 - -23 - 8) - -38 - 8?
29
What is the value of -12 - ((-5 - 7) + 2)?
-2
Calculate 0 - -4 - 4 - -5 - -1.
6
Calculate (5 + 8 - 5) + (-5 + 1 - -3).
7
What is -13 - (0 - -21) - -10?
-24
Calculate -6 + 1 + 2 - (24 + -36).
9
(5 - (-8 - (-9 - 1))) + -7 + -9
-13
What is the value of 8 - (5 - (-10 + 8)) - -7?
8
Calculate (11 + (12 - 3) - -25) + -18.
27
Evaluate (3 - 20) + 11 + -1 + (-1 - 1).
-9
What is -44 + 20 + 30 - -15?
21
What is 13 - ((10 - 9 - -11) + -17)?
18
Calculate (2 + -7 - -8) + -5 + 5.
3
Evaluate -5 + 4 + 14 + (-5 - (-10 - -11)).
7
What is -15 + (11 - -1) + 15?
12
-198 + 208 + -11 + -1 + 3
1
What is 4 - (-2 + 8 + -7) - 0 - 5?
0
What is -633 + 603 + (2 - 0)?
-28
What is -3 + 18 + (-16 - -11) - -23?
33
Calculate 3 - (-6 + -8 + 18) - (1 + 5).
-7
Calculate 3 + -10 + -1 + 12 + -20 + 14.
-2
What is (1 + 0 - (3 - -22)) + (-467 - -475)?
-16
What is 0 + (-12 - (-29 - 1))?
18
What is the value of -4 - -5 - (-6 + 9 + -4 + 2)?
0
Evaluate 8 + 2 - -3 - 4.
9
What is -54 - -69 - (7 + (-4 - 2))?
14
What is 13 + -18 + (-4 + -4 - -10)?
-3
Evaluate -10 - (10 + -12 + -2).
-6
(7 - (6 + 3)) + 3 + -7
-6
Evaluate 0 - -3 - (7 + (-8 - -5)).
-1
Calculate 2 + 3 - 9 - (-4 + 4).
-4
Evaluate (-1099 - -1129) + -6 + -1.
23
26 - (-12 + 10 + -5 - -15)
18
-18 - 2 - (20 + -8 - 5)
-27
Evaluate -22 - (8 - 12) - 2.
-20
Calculate (-6 - (5 - 12)) + (0 + -2 - -9).
8
What is the value of 0 + -3 + (-10 - 0) + 5 + 10?
2
Evaluate 2 + 1 + (-1 - 19) + 7.
-10
Evaluate -11 - (0 - (-2 - (0 + 0) - -6)).
-7
Calculate -9 + 0 + -2 - (199 - 225).
15
Evaluate -12 + 31 + -18 - (-10 - (-1 + 3)).
13
What is the value of 39 + (7 - 6) + -4?
36
What is the value of -13 - (50 + (-66 - -29))?
-26
(-6 - -8) + 5 + 2 + (-6 - -1)
4
Evaluate 4 + 2 - (-2 - (-2 + -7 + 1)).
0
Calculate (0 - -1) + -3 - (144 + -137).
-9
Evaluate 1 - 10 - (15 + -21) - -17 - 8.
6
What is (42 + -14 - 4) + -34?
-10
What is -5 + (9 - (1 - 0) - 6) - 27?
-30
Calculate -24 + 4 + 12 - (-12 - -1).
3
Evaluate 3 + 0 + -15 + 9 + -7.
-10
What is -34 + (59 - -3) + -10?
18
Calculate 0 - (-29 + 15 - -15).
-1
Evaluate (13 - (3 + -2 - -4) - 1) + -6.
1
What is the value of -5 + 0 + -5 + 2?
-8
(-38 - -48) + -23 + 0
-13
What is the value of 44 + (32 - (80 + -22))?
18
Calculate 11 + (-1 - (-13 - (5 + -7))) + 11.
32
What is -17 + 2 + 14 + 7 + 1 + -17?
-10
What is the value of -5 + (3 + 0 - (30 + 2))?
-34
(-127 - -116) + -2 + 23
10
Calculate (25 - 0) + (4 - -1) + -15.
15
What is (-5 + -12 - -38) + 8?
29
Evaluate 3 + (2 + -5 - -5) + 9 + -6.
8
Evaluate 11 + 4 + 2 + -25.
-8
What is the value of (37 - -7) + -19 + -22?
3
What is 4 - (6 + -2 + -4 - -4) - 1?
-1
Evaluate -28 - 6 - (-30 + -7 + 28).
-25
Evaluate -8 + (-9 - (-17 + 16)).
-16
Calculate 29 + (-15 - 22) + 12.
4
Evaluate (37 - 122) + 33 + (1 - -15).
-36
Calculate (4 - 4) + 3 + -7 + 12.
8
Evaluate -20 + 26 + -12 + 2 + -9.
-13
What is (0 - 1) + (-23 - (46 - 74))?
4
Evaluate (-1 - (-4 + (8 - 5)) - -1) + -5.
-4
-26 - (-2 + -50 + 18)
8
-7 + (-6 - (-4 + -18 + 7)) - 13
-11
Calculate 5 + (4 - -10) + -26.
-7
What is ((26 - -5) + -8 - -1) + -1?
23
8 + (1 - 7 - 2) + 16 + -4
12
What is the value of (-7 - -4) + 0 + 7 - (223 + -213)?
-6
What is the value of (0 - 0 - -8) + -4 + 9?
13
What is 3 + (-16 - -3) + -25 + 21?
-14
What is the value of 30 + (-20 - 7) - -5?
8
Evaluate -1 + (0 - -4) + (-12 - (18 + -32)).
5
Calculate -10 + 10 - (-17 + (10 - 5)).
12
(-39 - (-13 - -12)) + 20
-18
Calculate (5 - 18 - 4) + 11.
-6
What is 24 + (-5 - -20) + -18?
21
What is 0 - -8 - 2 - (-13 - (-14 + -1))?
4
What is 155 + -166 + -1 + 9?
-3
Calculate 13 - (5 + 10) - (-8 + 0).
6
Calculate (-1 - -3) + -9 + -11 + 11 - -1.
-6
Evaluate 0 + -2 + 132 + -125.
5
What is the value of (4 - 6) + (-32 - -21)?
-13
Evaluate (-7 + -3 - -3) + 6 + -11 + 8.
-4
What is the value of (-8 - (-57 + 51)) + -1 + 19?
16
18 + -4 + -2 + -11
1
Calculate 0 + 15 + (-14 + -9 + 14 - -3).
9
Calculate (-3 - 3) + (0 - -12) + 2.
8
7 - (6 - 6) - (-7 + (3 - -2))
9
-9 - ((3 - 8 - 20) + 5)
11
35 + -55 - -23 - (0 + 6)
-3
-2 + -4 - -30 - 8
16
Calculate -5 - (3 - (-9 - -9)).
-8
Calculate 22 - (32 + -14 + -5).
9
What is the value of -15 + (-11 - -11) - -4?
-11
-15 - (3 - 3 - 6)
-9
(-15 + -10 - -36) + -5
6
Calculate -8 + (-83 + 79 - ((-3 - -3) + 1)).
-13
What is -313 - -347 - (1 - -15)?
18
What is the value of (14 - -11) + -33 + 17?
9
Calculate 36 + -21 + 5 + -19.
1
What is the value of 20 - (15 + -34 + 17)?
22
Calculate (-10 - -1) + (-550 - -553).
-6
-23 - (4 + 8 + -4 - 20)
-11
What is the value of -6 - (-18 + 10 + -9 + -5) - -7?
23
What is the value of -26 - (-17 + -12 + -27)?
30
What is the value of 8 - ((-15 - -17) + (2 - 3))?
7
What is -14 - (-12 + (11 - -7) + -21)?
1
Calculate (12 - -11 - (12 + -6 + 1)) + -5.
11
What is the value of 19 - (2 - -12) - (16 + -2)?
-9
-24 + (-6 + 15 - 1) - (-1 + -1)
-14
What is the value of -1 - -6 - (9 - (-6 - -21) - -5)?
6
What is -15 + 7 + 12 - (0 + -7)?
11
Evaluate (-2 - -4 - 2) + (-22 - -15 - 2).
-9
Calculate 2 - ((0 - 4) + -3 + 2 + -2).
9
Calculate -7 + 32 + -34 + 2 + -3 + 5.
-5
What is (-2 - -5) + 2 - (4 - 0) - -2?
3
Calculate (2 - -10) + 2 - 12.
2
Calculate (0 - 4) + -2 + -2 + (12 - 12).
-8
3 + (-16 - (-14 + 7))
-6
13 + -8 + 9 + -11 + -9
-6
7 - (5 - -7) - 2 - (3 - -3)
-13
What is the value of -41 + 33 - -43 - 29?
6
What is (0 - -1) + -32 + (-16 - -74)?
27
Evaluate -11 + (-2 + 9 + -5 - (3 + -34)).
22
What is -6 - -4 - -5 - 4 - (0 + 6)?
-7
Evaluate -18 - -15 - (0 + -1 + 4).
-6
What is the value of (-25 - -9) + -13 + 10 - -13?
-6
Calculate -18 + (5 - (-12 + 7)).
-8
Calculate -16 + 19 - (-4 - (17 - 4)).
20
45 + (-96 - -63) - (0 + 3)
9
-7 + 3 + 2 - (17 + -10 - 6)
-3
10 + -5 + 4 + -2 + -6 + 4
5
What is the value of 3 + (-4 - (-5 + (5 - (-1 - -4))))?
2
Calculate -12 + (1 - (-2 + 3)) + 14.
2
What is the value of -20 + 4 + (11 - 6) - -13?
2
Evaluate -8 + -3 + (-8 - -12) + 7.
0
Evaluate (-19 - -4) + (4 - (-1 + 9) - -8).
-11
What is the value of 0 + -2 - (-4 - 7) - 19?
-10
What is 6 - 0 - (-16 - (-21 - (-8 + 4)))?
5
9 + (-22 - (-4 + 0)) + -4
-13
What is the value of 24 + -50 + 39 + (1 - 27)?
-13
Evaluate (-35 - (-41 - -9)) + 22.
19
Calculate -3 - 27 - (-124 - -108).
-14
Calculate 12 - (8 + (-12 - -9)).
7
What is the value of 5 + -11 - 7 - -4?
-9
Evaluate 39 + -4 + (315 - 314).
36
What is -22 + 19 + (-40 - -22)?
-21
What is the value of 24 - ((35 - -7) + -19)?
1
Evaluate (-10 - (-31 + (11 - 8))) + -6.
12
Evaluate -2 + (3 - (2 + -8 - (-26 - -17))).
-2
What is the value of (18 - (-8 - -18)) + (-1 - 21)?
-14
What is -11 + (16 + 1 - 11) + -7?
-12
What is the value of 13 - (0 + 2) - (83 - 77)?
5
What is -21 - (11 + -22) - -3?
-7
(-20 - (-2 - 25)) + (1 - 2)
6
Evaluate (9 + 13 - 13) + -15.
-6
What is the value of 87 + -98 + (-15 - (2 + -6))?
-22
What is (4 + -10 - -3 - 6) + (-4 - -7)?
-6
What is the value of (5 + -2 - 5) + (-10 - -13 - 22)?
-21
Evaluate (-6 - -12 - -1 - 0) + -34.
-27
Calculate 4 + 12 + -21 + 2 + 3.
0
5 - (4 - 1) - (-1 + 7 - 28)
24
Evaluate 1 + -1 + 4 - (-33 + -42 + 69).
10
Evaluate 1 + -9 + 12 - (-2 - (1 + 2)).
9
Evaluate (364 - 360) + (-14 - (1 + 0)).
-11
What is 14 - (-12 + 0 + (-1 - -5))?
22
What is 7 - (17 + -27 - (-5 + 0))?
12
Evaluate 69 - 60 - (-4 + 2 + 7) - -19.
23
-5 + 2 - ((37 - 18) + -20)
-2
Evaluate 8 + 3 - 0 - 8.
3
-16 + 7 + (-4 - -9) + -4 - -5
-3
Evaluate (8 - 4) + 1 + (4 - (24 + 7)).
-22
What is the value of 14 + -23 + 12 + -2 + 9?
10
What is (-20 - -25 - (-9 + 4)) + -30?
-20
What is the value of -16 + (-1 - (0 + 0 + -8 + 2))?
-11
What is 9 - 14 - (-10 - -3) - -6 - -10?
18
What is the value of 15 + 16 + (-16 - -11) + 1?
27
20 - (-49 - -44) - 12
13
Evaluate 18 - (17 + -15 - -17 - 3).
2
What is the value of (-2 - 4 - (1 + 0)) + (24 - 22)?
-5
Calculate 9 + (-13 - 5) + -5 + 3 + 25.
14
What is the value of -26 - -29 - (-11 + 2) - 8?
4
Calculate -10 + (-9 + 7 - 0) + 5 + -1.
-8
What is 6 - (-14 + (-5 - 1) + 62)?
-36
Calculate 2 + 2 + 8 - (8 - 0 - -32).
-28
What is 